{"id":642,"date":"2019-08-26T10:58:56","date_gmt":"2019-08-26T10:58:56","guid":{"rendered":"http:\/\/caritas-srem.rs\/?page_id=642"},"modified":"2023-05-04T09:35:38","modified_gmt":"2023-05-04T09:35:38","slug":"projekat-your-job","status":"publish","type":"page","link":"https:\/\/caritas-srem.rs\/?page_id=642","title":{"rendered":"Projekat  YOUR JOB 2"},"content":{"rendered":"\n<p><strong>Your Job 2<\/strong><br><strong>Y<\/strong>outh&nbsp;<strong>O<\/strong>vercoming&nbsp;<strong>U<\/strong>nemployment&nbsp;<strong>R<\/strong>egionally through<strong>&nbsp;J<\/strong>ob&nbsp;<strong>O<\/strong>pportunities on the&nbsp;<strong>B<\/strong>alkans 2<\/p>\n\n\n\n<p><strong>Projekat&nbsp;<em>Your Job 2&nbsp;<\/em>predstavlja drugu fazu implementacije istoimenog projekta koji je realizovan u periodu od aprila 2019. do jula 2022. godine.<\/strong><\/p>\n\n\n\n<!--more-->\n\n\n\n<p><strong>Rezultati postignuti u prvoj fazi obezbedili su nastavak podr\u0161ke donatora za realizaciju usluga karijernog vo\u0111enja i savetovanja za mlade u okviru Caritasovih centara, kao i finansijske mere podr\u0161ke u vidu pla\u0107ene stru\u010dne prakse, profesionalnih obuka ili bespovratnih sredstava za samozapo\u0161ljavanje.<\/strong><\/p>\n\n\n\n<p><strong>Pored Caritasa Srbije, implementacioni partneri u Srbiji su Biskupijski Karitas Zrenjanin, Biskupijski Karitas Srem i Caritas Ni\u0161.<\/strong><\/p>\n\n\n\n<p><strong>Mesta implementacije:\u00a0<\/strong>Zrenjanin, \u0160id, Irig, Ni\u0161<\/p>\n\n\n\n<p><strong>Op\u0161ti cilj projekta:&nbsp;<\/strong>Projekat ima za cilj da doprinese radnoj integraciji mladih iz Jugoisto\u010dne Evrope<\/p>\n\n\n\n<p><strong>Specifi\u010dni cilj 1:&nbsp;<\/strong>Pove\u0107ati integraciju mladih na tr\u017ei\u0161tu rada putem razvoja profesionalnih ve\u0161tina i stvaranja poslovnih prilika za mlade (s posebnim fokusom na &nbsp;&nbsp;&nbsp; mlade \u017eene i osobe u osetljivom polo\u017eaju, kao \u0161to su mladi sa invaliditetom)<\/p>\n\n\n\n<p><strong>Specifi\u010dni cilj 2:&nbsp;<\/strong>Pove\u0107ati efikasnost sistema tr\u017ei\u0161ta rada podizanjem svesti i razvijanjem odr\u017eivog dijaloga za bolju integraciju mladih, a posebno mladih u polo\u017eaju vi\u0161estruke ranjivosti<\/p>\n\n\n\n<p><strong>O\u010dekivani rezultati<\/strong><\/p>\n\n\n\n<ul class=\"wp-block-list\">\n<li>1000 mladih pro\u0161lo je profesionalnu orijentaciju i dobilo uslugu karijernog vo\u0111enja i savetovanja i svesni su svog potencijala<\/li>\n\n\n\n<li>Mladi su pro\u0161li obuke i treninge uskla\u0111ene sa potrebama lokalnih tr\u017ei\u0161ta rada<\/li>\n\n\n\n<li>Mladi su stekli prva radna iskustva, prakti\u010dne ve\u0161tine i kontakte sa potencijalnim poslodavcima<\/li>\n\n\n\n<li>Mladi uklju\u010deni u program razvijanja preduzetni\u010dkih ve\u0161tina, zapo\u010deli su sopstveni biznis<\/li>\n\n\n\n<li>Uspostavljen je dijalog, kao i saradnja izme\u0111u aktera u javnom, privatnom i civilnom sektoru<\/li>\n\n\n\n<li>Realizovane su kampanje javnog zagovaranja u cilju mobilizacije zainteresovanih strana u pravcu bolje integracije mladih na tr\u017ei\u0161tu rada<\/li>\n<\/ul>\n ","protected":false},"excerpt":{"rendered":"<p>Your Job 2Youth&nbsp;Overcoming&nbsp;Unemployment&nbsp;Regionally through&nbsp;Job&nbsp;Opportunities on the&nbsp;Balkans 2 Projekat&nbsp;Your Job 2&nbsp;predstavlja drugu fazu implementacije istoimenog projekta koji je realizovan u periodu od aprila 2019. do jula 2022. godine.<\/p>\n","protected":false},"author":1,"featured_media":815,"parent":95,"menu_order":0,"comment_status":"closed","ping_status":"closed","template":"","meta":{"give_campaign_id":0,"footnotes":""},"class_list":["post-642","page","type-page","status-publish","has-post-thumbnail","hentry"],"campaignId":"","_links":{"self":[{"href":"https:\/\/caritas-srem.rs\/index.php?rest_route=\/wp\/v2\/pages\/642","targetHints":{"allow":["GET"]}}],"collection":[{"href":"https:\/\/caritas-srem.rs\/index.php?rest_route=\/wp\/v2\/pages"}],"about":[{"href":"https:\/\/caritas-srem.rs\/index.php?rest_route=\/wp\/v2\/types\/page"}],"author":[{"embeddable":true,"href":"https:\/\/caritas-srem.rs\/index.php?rest_route=\/wp\/v2\/users\/1"}],"replies":[{"embeddable":true,"href":"https:\/\/caritas-srem.rs\/index.php?rest_route=%2Fwp%2Fv2%2Fcomments&post=642"}],"version-history":[{"count":4,"href":"https:\/\/caritas-srem.rs\/index.php?rest_route=\/wp\/v2\/pages\/642\/revisions"}],"predecessor-version":[{"id":1253,"href":"https:\/\/caritas-srem.rs\/index.php?rest_route=\/wp\/v2\/pages\/642\/revisions\/1253"}],"up":[{"embeddable":true,"href":"https:\/\/caritas-srem.rs\/index.php?rest_route=\/wp\/v2\/pages\/95"}],"wp:featuredmedia":[{"embeddable":true,"href":"https:\/\/caritas-srem.rs\/index.php?rest_route=\/wp\/v2\/media\/815"}],"wp:attachment":[{"href":"https:\/\/caritas-srem.rs\/index.php?rest_route=%2Fwp%2Fv2%2Fmedia&parent=642"}],"curies":[{"name":"wp","href":"https:\/\/api.w.org\/{rel}","templated":true}]}}